ts digit of 1581945?
5
What is the tens digit of 573321?
2
What is the ten thousands digit of 916580?
1
What is the hundreds digit of 1596586?
5
What is the hundred thousands digit of 6820307?
8
What is the ten thousands digit of 334820?
3
What is the tens digit of 876560?
6
What is the tens digit of 488814?
1
What is the ten thousands digit of 21498162?
9
What is the ten thousands digit of 4615347?
1
What is the thousands digit of 32184043?
4
What is the thousands digit of 154679?
4
What is the thousands digit of 553633?
3
What is the units digit of 14522?
2
What is the hundreds digit of 614907?
9
What is the thousands digit of 1000380?
0
What is the hundred thousands digit of 4374327?
3
What is the hundred thousands digit of 153534?
1
What is the thousands digit of 8060?
8
What is the hundreds digit of 363503?
5
What is the millions digit of 5323996?
5
What is the ten thousands digit of 3513360?
1
What is the ten thousands digit of 3066483?
6
What is the millions digit of 3125242?
3
What is the hundred thousands digit of 6337044?
3
What is the units digit of 511254?
4
What is the units digit of 1340703?
3
What is the ten millions digit of 16304221?
1
What is the ten thousands digit of 7009544?
0
What is the millions digit of 7354460?
7
What is the thousands digit of 4060390?
0
What is the millions digit of 4822420?
4
What is the units digit of 1720993?
3
What is the millions digit of 1609725?
1
What is the ten thousands digit of 3841996?
4
What is the units digit of 205662?
2
What is the units digit of 166808?
8
What is the hundred thousands digit of 4308788?
3
What is the units digit of 8963812?
2
What is the hundred thousands digit of 2485281?
4
What is the tens digit of 2979671?
7
What is the tens digit of 310512?
1
What is the thousands digit of 926051?
6
What is the tens digit of 39335?
3
What is the thousands digit of 3134283?
4
What is the units digit of 1168295?
5
What is the units digit of 958456?
6
What is the units digit of 18722280?
0
What is the units digit of 6713403?
3
What is the hundred thousands digit of 37521575?
5
What is the tens digit of 3919086?
8
What is the units digit of 401612?
2
What is the hundred thousands digit of 6998821?
9
What is the hundreds digit of 3372803?
8
What is the units digit of 1471026?
6
What is the hundreds digit of 16079?
0
What is the hundreds digit of 818809?
8
What is the ten millions digit of 11483038?
1
What is the tens digit of 495301?
0
What is the hundreds digit of 940806?
8
What is the hundreds digit of 208774?
7
What is the millions digit of 20775685?
0
What is the hundreds digit of 966295?
2
What is the hundreds digit of 707113?
1
What is the hundred thousands digit of 336566?
3
What is the units digit of 21199855?
5
What is the ten millions digit of 18924520?
1
What is the tens digit of 115465?
6
What is the ten thousands digit of 9439679?
3
What is the tens digit of 5003965?
6
What is the ten millions digit of 30690659?
3
What is the thousands digit of 875792?
5
What is the ten thousands digit of 325019?
2
What is the thousands digit of 1812899?
2
What is the tens digit of 367482?
8
What is the ten thousands digit of 724573?
2
What is the hundred thousands digit of 15884897?
8
What is the ten thousands digit of 595149?
9
What is the thousands digit of 936819?
6
What is the hundreds digit of 56018?
0
What is the units digit of 9494043?
3
What is the hundred thousands digit of 25224592?
2
What is the thousands digit of 2255264?
5
What is the tens digit of 2589541?
4
What is the thousands digit of 12649731?
9
What is the units digit of 433363?
3
What is the hundreds digit of 78841?
8
What is the thousands digit of 97230?
7
What is the hundreds digit of 1797297?
2
What is the thousands digit of 1195224?
5
What is the units digit of 245443?
3
What is the tens digit of 3184861?
6
What is the units digit of 3224124?
4
What is the hundreds digit of 1296760?
7
What is the hundred thousands digit of 227666?
2
What is the hundreds digit of 1531357?
3
What is the ten thousands digit of 213992?
1
What is the hundreds digit of 364120?
1
What is the units digit of 252962?
2
What is the hundreds digit of 394262?
2
What is the hundreds digit of 1825510?
5
What is the ten thousands digit of 218601?
1
What is the millions digit of 1921598?
1
What is the thousands digit of 196511?
6
What is the ten thousands digit of 92074?
9
What is the thousands digit of 6243990?
3
What is the units digit of 418775?
5
What is the hundreds digit of 1198879?
8
What is the tens digit of 17283986?
8
What is the ten thousands digit of 497905?
9
What is the units digit of 16138122?
2
What is the units digit of 236050?
0
What is the units digit of 103142?
2
What is the thousands digit of 157522?
7
What is the tens digit of 19700569?
6
What is the hundred thousands digit of 3320584?
3
What is the ten thousands digit of 202014?
0
What is the thousands digit of 14687480?
7
What is the hundred thousands digit of 6827823?
8
What is the units digit of 5754333?
3
What is the hundreds digit of 31352?
3
What is the ten thousands digit of 6628306?
2
What is the ten thousands digit of 539725?
3
What is the hundreds digit of 3452?
4
What is the ten thousands digit of 9039915?
3
What is the tens digit of 341747?
4
What is the ten thousands digit of 251304?
5
What is the millions digit of 1038615?
1
What is the hundreds digit of 2350481?
4
What is the units digit of 275869?
9
What is the thousands digit of 14636697?
6
What is the units digit of 404465?
5
What is the hundreds digit of 7307284?
2
What is the tens digit of 10774?
7
What is the units digit of 22802632?
2
What is the ten thousands digit of 6573472?
7
What is the thousands digit of 2804257?
4
What is the hundreds digit of 950847?
8
What is the tens digit of 14922160?
6
What is the units digit of 30117219?
9
What is the units digit of 1702699?
9
What is the millions digit of 1805120?
1
What is the hundred thousands digit of 16750722?
7
What is the hundred thousands digit of 272754?
2
What is the units digit of 292505?
5
What is the thousands digit of 1552770?
2
What is the thousands digit of 1090521?
0
What is the tens digit of 144023?
2
What is the tens digit of 3755?
5
What is the tens digit of 2325880?
8
What is the ten thousands digit of 2493726?
9
What is the ten thousands digit of 3669335?
6
What is the hundreds digit of 18837680?
6
What is the hundreds digit of 840551?
5
What is the hundred thousands digit of 1190226?
1
What is the tens digit of 837938?
3
What is the tens digit of 5516148?
4
What is the hundreds digit of 1762328?
3
What is the tens digit of 749588?
8
What is the thousands digit of 5170762?
0
What is the hundred thousands digit of 404145?
4
What is the hundreds digit of 1287731?
7
What is the thousands digit of 72186?
2
What is the hundred thousands digit of 23795485?
7
What is the thousands digit of 407367?
7
What is the hundreds digit of 486760?
7
What is the units digit of 4332553?
3
What is the units digit of 255340?
0
What is the units digit of 345611?
1
What is the units digit of 23723?
3
What is the units digit of 780263?
3
What is the tens digit of 938432?
3
What is the hundreds digit of 1894323?
3
What is the hundreds digit of 2563064?
0
What is the thousands digit of 13757488?
7
What is the tens digit of 12263137?
3
What is the ten thousands digit of 10934847?
3
What is the tens digit of 6785828?
2
What is the hundreds digit of 51285?
2
What is the units digit of 29152472?
2
What is the millions digit of 7361880?
7
What is the ten thousands digit of 2242747?
4
What is the tens digit of 11074398?
9
What is the hundred thousands digit of 948147?
9
What is the ten thousands digit of 355472?
5
What is the tens digit of 7460030?
3
What is the thousands digit of 3504565?
4
What is the units digit of 228390?
0
What is the hundreds digit of 2954337?
3
What is the units digit of 29267710?
0
What is the ten thousands digit of 216887?
1
What is the hundred thousands digit of 339004?
3
What is the ten thousands digit of 97361?
9
What is the thousands digit of 1449146?
9
What is the hundreds digit of 21866397?
3
What is the ten thousands digit of 2111131?
1
What is the units digit of 396213?
3
What is the tens digit of 7032921?
2
What is the ten thousa